
What is the highest common factor of 6512 and 158027?
37
What is the highest common divisor of 40001 and 26333?
17
What is the greatest common factor of 218228446 and 393?
131
Calculate the greatest common factor of 495 and 6673110.
15
Calculate the greatest common factor of 15005403 and 144.
9
What is the highest common factor of 9639567 and 189?
189
What is the highest common factor of 77550 and 97102?
94
Calculate the highest common factor of 588 and 7550214.
294
Calculate the greatest common factor of 23588554 and 31801.
649
Calculate the highest common factor of 179956251 and 72.
9
Calculate the greatest common divisor of 81 and 96139728.
9
What is the highest common factor of 26500551 and 3?
3
Calculate the highest common factor of 51834 and 946704.
978
Calculate the highest common divisor of 9 and 11449521.
9
Calculate the greatest common divisor of 4507328 and 448.
448
What is the greatest common factor of 2350166 and 183225?
2443
Calculate the highest common divisor of 5382231 and 24.
3
What is the highest common factor of 12377094 and 63?
3
Calculate the greatest common divisor of 861 and 293806.
41
What is the highest common factor of 12 and 18470580?
12
What is the highest common factor of 1968 and 14436920?
328
Calculate the greatest common divisor of 1284510 and 77550.
1410
Calculate the greatest common factor of 1106 and 22238.
2
Calculate the highest common divisor of 180050 and 1587210.
2770
What is the highest common divisor of 84376 and 2008?
8
Calculate the greatest common factor of 15148 and 1419985.
7
Calculate the greatest common factor of 1205015924 and 7882.
7882
What is the greatest common divisor of 4408928 and 224?
32
What is the greatest common divisor of 2060680 and 170?
10
What is the greatest common divisor of 2380980 and 840?
420
What is the highest common factor of 83592 and 20769?
129
Calculate the highest common divisor of 2316 and 172193442.
1158
Calculate the greatest common factor of 64 and 88474336.
32
What is the greatest common factor of 221 and 2107541?
17
Calculate the greatest common divisor of 57701112 and 840.
168
Calculate the greatest common factor of 9063 and 26087.
19
Calculate the greatest common divisor of 142 and 67020521.
71
Calculate the greatest common divisor of 386663 and 217.
31
What is the highest common divisor of 617343 and 2458263?
1587
Calculate the greatest common factor of 9939797 and 147.
49
Calculate the greatest common factor of 5162454 and 297594.
1782
What is the greatest common factor of 335388 and 23256?
228
What is the highest common divisor of 38520 and 55854?
1926
Calculate the highest common divisor of 49 and 35979867.
49
What is the highest common divisor of 1820 and 1057147?
91
Calculate the greatest common divisor of 198470 and 8010.
890
Calculate the highest common factor of 65325 and 50590293.
2613
Calculate the highest common factor of 10106516 and 588.
28
Calculate the highest common divisor of 41290 and 90490.
10
Calculate the greatest common factor of 24 and 207181266.
6
What is the highest common factor of 4548543 and 1159?
19
Calculate the greatest common factor of 1886 and 1072852043.
943
What is the greatest common divisor of 245493710 and 50?
10
Calculate the greatest common factor of 1068 and 20200686.
534
What is the highest common divisor of 352 and 432872?
88
Calculate the greatest common divisor of 215 and 109182805.
215
What is the highest common factor of 1445 and 14134990?
1445
What is the highest common factor of 749017896 and 396?
132
Calculate the greatest common factor of 148992237 and 1377.
27
What is the greatest common factor of 151623392 and 1888?
1888
What is the greatest common divisor of 115541 and 64457?
43
Calculate the highest common divisor of 4218102 and 252.
126
Calculate the highest common factor of 3003 and 6940934.
1001
What is the highest common factor of 112 and 85849036?
28
Calculate the highest common factor of 8796 and 16028511.
2199
Calculate the highest common divisor of 17 and 20659811.
17
Calculate the greatest common factor of 4128 and 19794792.
1032
What is the greatest common divisor of 14445 and 2888037?
963
What is the highest common factor of 1561963 and 212?
53
Calculate the highest common divisor of 3393 and 3028779.
117
What is the greatest common divisor of 546 and 506643592?
182
What is the greatest common divisor of 1244196 and 3002?
38
What is the highest common divisor of 129 and 8567062?
43
Calculate the greatest common factor of 617736 and 21588.
84
What is the highest common divisor of 432 and 15506343?
27
What is the greatest common factor of 320 and 860825440?
160
Calculate the highest common factor of 16 and 11296066.
2
Calculate the greatest common factor of 17022552 and 72.
24
What is the greatest common factor of 603653285 and 920?
115
What is the greatest common divisor of 1133 and 2441824?
11
What is the highest common divisor of 18 and 389356506?
18
What is the greatest common factor of 105 and 29239395?
15
What is the greatest common factor of 2664 and 94552020?
1332
What is the greatest common divisor of 1938 and 8735763?
57
Calculate the highest common factor of 170202894 and 1434.
1434
Calculate the highest common factor of 5293 and 32419223.
67
Calculate the greatest common factor of 76 and 292020804.
76
What is the highest common divisor of 22019862 and 48144?
6018
What is the greatest common factor of 7645 and 112500?
5
Calculate the highest common factor of 13036076 and 170.
34
What is the highest common divisor of 214816 and 56?
56
What is the highest common divisor of 648 and 14726328?
24
What is the greatest common divisor of 177984 and 292623?
309
Calculate the highest common factor of 43274301 and 1764.
147
What is the highest common divisor of 1672695 and 30?
15
Calculate the greatest common divisor of 2838694 and 5.
1
Calculate the greatest common divisor of 31712109 and 957.
957
What is the greatest common divisor of 255628989 and 495?
99
What is the highest common divisor of 155 and 503155699?
31
Calculate the highest common divisor of 70335 and 39314660.
2605
What is the greatest common factor of 2200 and 30450475?
275
Calculate the highest common factor of 1342 and 224021158.
122
What is the highest common divisor of 163163633 and 1426?
713
Calculate the highest common factor of 126772020 and 155.
155
What is the highest common factor of 1740 and 21416645?
145
Calculate the greatest common divisor of 54 and 53282466.
18
Calculate the highest common divisor of 877876 and 2584.
76
What is the highest common divisor of 51150 and 329450?
550
What is the greatest common divisor of 2394 and 3801444?
114
What is the highest common divisor of 82248 and 4971864?
552
What is the greatest common factor of 20216 and 364?
28
What is the highest common divisor of 78 and 36757214?
26
What is the highest common divisor of 87685 and 398385?
65
What is the greatest common divisor of 1095512614 and 42?
14
Calculate the highest common factor of 485 and 2434118.
97
Calculate the greatest common factor of 2152294 and 4.
2
What is the greatest common factor of 9344320 and 640?
320
Calculate the greatest common divisor of 27488335 and 161.
161
Calculate the highest common divisor of 1104 and 202384.
16
Calculate the greatest common factor of 236494680 and 105.
15
What is the highest common factor of 779501 and 40681?
17
Calculate the greatest common divisor of 259 and 3489285.
37
What is the greatest common divisor of 390836666 and 23056?
2882
What is the greatest common divisor of 818 and 10463447?
409
Calculate the greatest common factor of 85 and 114288943.
17
What is the highest common factor of 5396 and 98204?
4
Calculate the highest common divisor of 110896 and 67280.
464
Calculate the greatest common factor of 6134364 and 252.
36
Calculate the highest common divisor of 825 and 10741225.
275
What is the highest common factor of 6600 and 180669225?
825
What is the highest common factor of 464420930 and 30?
10
What is the highest common divisor of 880759 and 806212?
2761
What is the highest common factor of 20 and 9194310?
10
What is the greatest common factor of 47990 and 18715?
5
Calculate the greatest common factor of 628938 and 285.
57
Calculate the greatest common factor of 3128 an